{"id":2508,"date":"2024-07-30T05:05:57","date_gmt":"2024-07-30T05:05:57","guid":{"rendered":"https:\/\/pole-emploi.invictus-asso.fr\/index.php\/tableau-de-bord-des-offres-demploi\/"},"modified":"2024-07-30T05:05:57","modified_gmt":"2024-07-30T05:05:57","slug":"tableau-de-bord-des-offres-demploi","status":"publish","type":"page","link":"https:\/\/pole-emploi.invictus-asso.fr\/index.php\/tableau-de-bord-des-offres-demploi\/","title":{"rendered":"Tableau de bord des offres d\u2019emploi"},"content":{"rendered":"<div id=\"job-manager-job-dashboard\">\n\n\t<p class=\"account-sign-in\">Vous devez \u00eatre connect\u00e9 pour g\u00e9rer vos offres. <a class=\"button\" href=\"https:\/\/pole-emploi.invictus-asso.fr\/index.php\/connexion\/?redirect_to=https%3A%2F%2Fpole-emploi.invictus-asso.fr%2Findex.php%2Ftableau-de-bord-des-offres-demploi%2F\">Se connecter<\/a><\/p>\n\n<\/div>\n\n","protected":false},"excerpt":{"rendered":"","protected":false},"author":1,"featured_media":0,"parent":0,"menu_order":0,"comment_status":"closed","ping_status":"closed","template":"","meta":{"footnotes":""},"class_list":["post-2508","page","type-page","status-publish","hentry"],"yoast_head":"<!-- This site is optimized with the Yoast SEO plugin v23.3 - https:\/\/yoast.com\/wordpress\/plugins\/seo\/ -->\n<title>Tableau de bord des offres d\u2019emploi - P\u00f4le Emploi<\/title>\n<meta name=\"robots\" content=\"index, follow, max-snippet:-1, max-image-preview:large, max-video-preview:-1\" \/>\n<link rel=\"canonical\" href=\"https:\/\/pole-emploi.invictus-asso.fr\/index.php\/tableau-de-bord-des-offres-demploi\/\" \/>\n<meta property=\"og:locale\" content=\"fr_FR\" \/>\n<meta property=\"og:type\" content=\"article\" \/>\n<meta property=\"og:title\" content=\"Tableau de bord des offres d\u2019emploi - P\u00f4le Emploi\" \/>\n<meta property=\"og:url\" content=\"https:\/\/pole-emploi.invictus-asso.fr\/index.php\/tableau-de-bord-des-offres-demploi\/\" \/>\n<meta property=\"og:site_name\" content=\"P\u00f4le Emploi\" \/>\n<meta name=\"twitter:card\" content=\"summary_large_image\" \/>\n<script type=\"application\/ld+json\" class=\"yoast-schema-graph\">{\"@context\":\"https:\/\/schema.org\",\"@graph\":[{\"@type\":\"WebPage\",\"@id\":\"https:\/\/pole-emploi.invictus-asso.fr\/index.php\/tableau-de-bord-des-offres-demploi\/\",\"url\":\"https:\/\/pole-emploi.invictus-asso.fr\/index.php\/tableau-de-bord-des-offres-demploi\/\",\"name\":\"Tableau de bord des offres d\u2019emploi - P\u00f4le Emploi\",\"isPartOf\":{\"@id\":\"https:\/\/pole-emploi.invictus-asso.fr\/#website\"},\"datePublished\":\"2024-07-30T05:05:57+00:00\",\"dateModified\":\"2024-07-30T05:05:57+00:00\",\"breadcrumb\":{\"@id\":\"https:\/\/pole-emploi.invictus-asso.fr\/index.php\/tableau-de-bord-des-offres-demploi\/#breadcrumb\"},\"inLanguage\":\"fr-FR\",\"potentialAction\":[{\"@type\":\"ReadAction\",\"target\":[\"https:\/\/pole-emploi.invictus-asso.fr\/index.php\/tableau-de-bord-des-offres-demploi\/\"]}]},{\"@type\":\"BreadcrumbList\",\"@id\":\"https:\/\/pole-emploi.invictus-asso.fr\/index.php\/tableau-de-bord-des-offres-demploi\/#breadcrumb\",\"itemListElement\":[{\"@type\":\"ListItem\",\"position\":1,\"name\":\"Accueil\",\"item\":\"https:\/\/pole-emploi.invictus-asso.fr\/\"},{\"@type\":\"ListItem\",\"position\":2,\"name\":\"Tableau de bord des offres d\u2019emploi\"}]},{\"@type\":\"WebSite\",\"@id\":\"https:\/\/pole-emploi.invictus-asso.fr\/#website\",\"url\":\"https:\/\/pole-emploi.invictus-asso.fr\/\",\"name\":\"P\u00f4le Emploi\",\"description\":\"L&#039;emploi Inclusif centr\u00e9 sur l&#039;humain\",\"publisher\":{\"@id\":\"https:\/\/pole-emploi.invictus-asso.fr\/#organization\"},\"potentialAction\":[{\"@type\":\"SearchAction\",\"target\":{\"@type\":\"EntryPoint\",\"urlTemplate\":\"https:\/\/pole-emploi.invictus-asso.fr\/?s={search_term_string}\"},\"query-input\":\"required name=search_term_string\"}],\"inLanguage\":\"fr-FR\"},{\"@type\":\"Organization\",\"@id\":\"https:\/\/pole-emploi.invictus-asso.fr\/#organization\",\"name\":\"P\u00f4le Emploi\",\"url\":\"https:\/\/pole-emploi.invictus-asso.fr\/\",\"logo\":{\"@type\":\"ImageObject\",\"inLanguage\":\"fr-FR\",\"@id\":\"https:\/\/pole-emploi.invictus-asso.fr\/#\/schema\/logo\/image\/\",\"url\":\"https:\/\/pole-emploi.invictus-asso.fr\/wp-content\/uploads\/2024\/07\/cropped-ms-icon-150x150-1-1.png\",\"contentUrl\":\"https:\/\/pole-emploi.invictus-asso.fr\/wp-content\/uploads\/2024\/07\/cropped-ms-icon-150x150-1-1.png\",\"width\":150,\"height\":150,\"caption\":\"P\u00f4le Emploi\"},\"image\":{\"@id\":\"https:\/\/pole-emploi.invictus-asso.fr\/#\/schema\/logo\/image\/\"}}]}<\/script>\n<!-- \/ Yoast SEO plugin. -->","yoast_head_json":{"title":"Tableau de bord des offres d\u2019emploi - P\u00f4le Emploi","robots":{"index":"index","follow":"follow","max-snippet":"max-snippet:-1","max-image-preview":"max-image-preview:large","max-video-preview":"max-video-preview:-1"},"canonical":"https:\/\/pole-emploi.invictus-asso.fr\/index.php\/tableau-de-bord-des-offres-demploi\/","og_locale":"fr_FR","og_type":"article","og_title":"Tableau de bord des offres d\u2019emploi - P\u00f4le Emploi","og_url":"https:\/\/pole-emploi.invictus-asso.fr\/index.php\/tableau-de-bord-des-offres-demploi\/","og_site_name":"P\u00f4le Emploi","twitter_card":"summary_large_image","schema":{"@context":"https:\/\/schema.org","@graph":[{"@type":"WebPage","@id":"https:\/\/pole-emploi.invictus-asso.fr\/index.php\/tableau-de-bord-des-offres-demploi\/","url":"https:\/\/pole-emploi.invictus-asso.fr\/index.php\/tableau-de-bord-des-offres-demploi\/","name":"Tableau de bord des offres d\u2019emploi - P\u00f4le Emploi","isPartOf":{"@id":"https:\/\/pole-emploi.invictus-asso.fr\/#website"},"datePublished":"2024-07-30T05:05:57+00:00","dateModified":"2024-07-30T05:05:57+00:00","breadcrumb":{"@id":"https:\/\/pole-emploi.invictus-asso.fr\/index.php\/tableau-de-bord-des-offres-demploi\/#breadcrumb"},"inLanguage":"fr-FR","potentialAction":[{"@type":"ReadAction","target":["https:\/\/pole-emploi.invictus-asso.fr\/index.php\/tableau-de-bord-des-offres-demploi\/"]}]},{"@type":"BreadcrumbList","@id":"https:\/\/pole-emploi.invictus-asso.fr\/index.php\/tableau-de-bord-des-offres-demploi\/#breadcrumb","itemListElement":[{"@type":"ListItem","position":1,"name":"Accueil","item":"https:\/\/pole-emploi.invictus-asso.fr\/"},{"@type":"ListItem","position":2,"name":"Tableau de bord des offres d\u2019emploi"}]},{"@type":"WebSite","@id":"https:\/\/pole-emploi.invictus-asso.fr\/#website","url":"https:\/\/pole-emploi.invictus-asso.fr\/","name":"P\u00f4le Emploi","description":"L&#039;emploi Inclusif centr\u00e9 sur l&#039;humain","publisher":{"@id":"https:\/\/pole-emploi.invictus-asso.fr\/#organization"},"potentialAction":[{"@type":"SearchAction","target":{"@type":"EntryPoint","urlTemplate":"https:\/\/pole-emploi.invictus-asso.fr\/?s={search_term_string}"},"query-input":"required name=search_term_string"}],"inLanguage":"fr-FR"},{"@type":"Organization","@id":"https:\/\/pole-emploi.invictus-asso.fr\/#organization","name":"P\u00f4le Emploi","url":"https:\/\/pole-emploi.invictus-asso.fr\/","logo":{"@type":"ImageObject","inLanguage":"fr-FR","@id":"https:\/\/pole-emploi.invictus-asso.fr\/#\/schema\/logo\/image\/","url":"https:\/\/pole-emploi.invictus-asso.fr\/wp-content\/uploads\/2024\/07\/cropped-ms-icon-150x150-1-1.png","contentUrl":"https:\/\/pole-emploi.invictus-asso.fr\/wp-content\/uploads\/2024\/07\/cropped-ms-icon-150x150-1-1.png","width":150,"height":150,"caption":"P\u00f4le Emploi"},"image":{"@id":"https:\/\/pole-emploi.invictus-asso.fr\/#\/schema\/logo\/image\/"}}]}},"_links":{"self":[{"href":"https:\/\/pole-emploi.invictus-asso.fr\/index.php\/wp-json\/wp\/v2\/pages\/2508","targetHints":{"allow":["GET"]}}],"collection":[{"href":"https:\/\/pole-emploi.invictus-asso.fr\/index.php\/wp-json\/wp\/v2\/pages"}],"about":[{"href":"https:\/\/pole-emploi.invictus-asso.fr\/index.php\/wp-json\/wp\/v2\/types\/page"}],"author":[{"embeddable":true,"href":"https:\/\/pole-emploi.invictus-asso.fr\/index.php\/wp-json\/wp\/v2\/users\/1"}],"replies":[{"embeddable":true,"href":"https:\/\/pole-emploi.invictus-asso.fr\/index.php\/wp-json\/wp\/v2\/comments?post=2508"}],"version-history":[{"count":0,"href":"https:\/\/pole-emploi.invictus-asso.fr\/index.php\/wp-json\/wp\/v2\/pages\/2508\/revisions"}],"wp:attachment":[{"href":"https:\/\/pole-emploi.invictus-asso.fr\/index.php\/wp-json\/wp\/v2\/media?parent=2508"}],"curies":[{"name":"wp","href":"https:\/\/api.w.org\/{rel}","templated":true}]}}